{"id":6081,"date":"2024-10-22T09:58:16","date_gmt":"2024-10-22T06:58:16","guid":{"rendered":"https:\/\/www.onvoshop.com.tr\/?post_type=product&#038;p=6081"},"modified":"2026-04-30T11:53:20","modified_gmt":"2026-04-30T08:53:20","slug":"onvo-ov-012-x-plus-elektrikli-scooter-1600w","status":"publish","type":"product","link":"https:\/\/www.onvoshop.com.tr\/?product=onvo-ov-012-x-plus-elektrikli-scooter-1600w","title":{"rendered":"ONVO OV-012 X PLUS ELEKTR\u0130KL\u0130 SCOOTER 1600W"},"content":{"rendered":"<p><img decoding=\"async\" class=\"alignnone size-full wp-image-6579\" src=\"https:\/\/www.onvoshop.com.tr\/wp-content\/uploads\/2024\/10\/ov-012x-plus-ozellik.png\" alt=\"\" width=\"100%\" srcset=\"https:\/\/www.onvoshop.com.tr\/wp-content\/uploads\/2024\/10\/ov-012x-plus-ozellik.png 1140w, https:\/\/www.onvoshop.com.tr\/wp-content\/uploads\/2024\/10\/ov-012x-plus-ozellik-1024x449.png 1024w, https:\/\/www.onvoshop.com.tr\/wp-content\/uploads\/2024\/10\/ov-012x-plus-ozellik-768x337.png 768w, https:\/\/www.onvoshop.com.tr\/wp-content\/uploads\/2024\/10\/ov-012x-plus-ozellik-640x281.png 640w, https:\/\/www.onvoshop.com.tr\/wp-content\/uploads\/2024\/10\/ov-012x-plus-ozellik-400x175.png 400w, https:\/\/www.onvoshop.com.tr\/wp-content\/uploads\/2024\/10\/ov-012x-plus-ozellik-600x263.png 600w\" sizes=\"(max-width: 1140px) 100vw, 1140px\" \/><\/p>\n","protected":false},"excerpt":{"rendered":"<p style=\"text-align: justify\">1600W \u00e7ift motor g\u00fcc\u00fcne sahip bu scooter, %30 yoku\u015f t\u0131rmanma kabiliyeti ile zorlu arazilerde bile performans\u0131n\u0131 korur. 25 km maksimum h\u0131z ve 40-55 km menzili ile uzun s\u00fcr\u00fc\u015flerde g\u00fcvenilir bir yol arkada\u015f\u0131d\u0131r. 48V 15A bataryas\u0131 ile g\u00fc\u00e7l\u00fc enerji sa\u011flarken, 10\u201d haval\u0131 off-road lastikleri konforlu ve sa\u011flam bir yol tutu\u015fu sunar. Katlanabilir yap\u0131s\u0131 ta\u015f\u0131ma kolayl\u0131\u011f\u0131 sunarken, disk fren sistemi ile y\u00fcksek g\u00fcvenlik sa\u011flar. Uzaktan kumanda veya anahtarl\u0131 kullan\u0131m opsiyonlar\u0131 ile ki\u015fisel tercihinize g\u00f6re se\u00e7iminizi yapabilirsiniz. Hem pratik hem g\u00fcvenli bir s\u00fcr\u00fc\u015f i\u00e7in ideal bir se\u00e7im!<\/p>\n<p style=\"text-align: justify\">\n","protected":false},"featured_media":6574,"comment_status":"open","ping_status":"closed","template":"","meta":[],"pwb-brand":[171],"product_cat":[223],"product_tag":[],"class_list":{"0":"post-6081","1":"product","2":"type-product","3":"status-publish","4":"has-post-thumbnail","6":"pwb-brand-onvo","7":"product_cat-genel","9":"first","10":"outofstock","11":"sold-individually","12":"taxable","13":"shipping-taxable","14":"purchasable","15":"product-type-simple","16":"add-to-wishlist-after_add_to_cart"},"brands":[{"id":171,"name":"Onvo","slug":"onvo"}],"_links":{"self":[{"href":"https:\/\/www.onvoshop.com.tr\/index.php?rest_route=\/wp\/v2\/product\/6081","targetHints":{"allow":["GET"]}}],"collection":[{"href":"https:\/\/www.onvoshop.com.tr\/index.php?rest_route=\/wp\/v2\/product"}],"about":[{"href":"https:\/\/www.onvoshop.com.tr\/index.php?rest_route=\/wp\/v2\/types\/product"}],"replies":[{"embeddable":true,"href":"https:\/\/www.onvoshop.com.tr\/index.php?rest_route=%2Fwp%2Fv2%2Fcomments&post=6081"}],"wp:featuredmedia":[{"embeddable":true,"href":"https:\/\/www.onvoshop.com.tr\/index.php?rest_route=\/wp\/v2\/media\/6574"}],"wp:attachment":[{"href":"https:\/\/www.onvoshop.com.tr\/index.php?rest_route=%2Fwp%2Fv2%2Fmedia&parent=6081"}],"wp:term":[{"taxonomy":"pwb-brand","embeddable":true,"href":"https:\/\/www.onvoshop.com.tr\/index.php?rest_route=%2Fwp%2Fv2%2Fpwb-brand&post=6081"},{"taxonomy":"product_cat","embeddable":true,"href":"https:\/\/www.onvoshop.com.tr\/index.php?rest_route=%2Fwp%2Fv2%2Fproduct_cat&post=6081"},{"taxonomy":"product_tag","embeddable":true,"href":"https:\/\/www.onvoshop.com.tr\/index.php?rest_route=%2Fwp%2Fv2%2Fproduct_tag&post=6081"}],"curies":[{"name":"wp","href":"https:\/\/api.w.org\/{rel}","templated":true}]}}