{"id":6368,"date":"2024-10-27T09:30:07","date_gmt":"2024-10-27T06:30:07","guid":{"rendered":"https:\/\/www.onvoshop.com.tr\/?post_type=product&#038;p=6368"},"modified":"2026-04-16T18:33:52","modified_gmt":"2026-04-16T15:33:52","slug":"onvo-rx-07-elektrikli-scooter-4000w-2024-uretim","status":"publish","type":"product","link":"https:\/\/www.onvoshop.com.tr\/?product=onvo-rx-07-elektrikli-scooter-4000w-2024-uretim","title":{"rendered":"ONVO RX-07 ELEKTR\u0130KL\u0130 SCOOTER 4000W 2025 KONTAK ANAHTARLI"},"content":{"rendered":"<p><img decoding=\"async\" class=\"alignnone size-full wp-image-6624\" src=\"https:\/\/www.onvoshop.com.tr\/wp-content\/uploads\/2024\/10\/rx-07-ozellik.png\" alt=\"\" width=\"100%\" srcset=\"https:\/\/www.onvoshop.com.tr\/wp-content\/uploads\/2024\/10\/rx-07-ozellik.png 1140w, https:\/\/www.onvoshop.com.tr\/wp-content\/uploads\/2024\/10\/rx-07-ozellik-1024x449.png 1024w, https:\/\/www.onvoshop.com.tr\/wp-content\/uploads\/2024\/10\/rx-07-ozellik-768x337.png 768w, https:\/\/www.onvoshop.com.tr\/wp-content\/uploads\/2024\/10\/rx-07-ozellik-640x281.png 640w, https:\/\/www.onvoshop.com.tr\/wp-content\/uploads\/2024\/10\/rx-07-ozellik-400x175.png 400w, https:\/\/www.onvoshop.com.tr\/wp-content\/uploads\/2024\/10\/rx-07-ozellik-600x263.png 600w\" sizes=\"(max-width: 1140px) 100vw, 1140px\" \/><\/p>\n","protected":false},"excerpt":{"rendered":"<p style=\"text-align: justify\">Yeni nesil 4000W \u00e7ift motor g\u00fcc\u00fcyle en zorlu yoku\u015flar\u0131 %45 e\u011fime kadar kolayca t\u0131rman\u0131n ve 80 km maksimum h\u0131zla heyecan dolu s\u00fcr\u00fc\u015f deneyimi ya\u015fay\u0131n. 60V 25A bataryas\u0131yla 70 km\u2019ye kadar menzil sunan bu scooter, uzun yolculuklarda bile g\u00fcvenilir performans sa\u011flar. 11,3\u201d off-road lastikleri her t\u00fcrl\u00fc araziye uyum sa\u011flarken, katlanabilir yap\u0131s\u0131 ta\u015f\u0131may\u0131 kolayla\u015ft\u0131r\u0131r. Uzaktan kumandal\u0131 alarm sistemi ile g\u00fcvenli\u011fi \u00f6n planda tutulan bu scooter, macera tutkunlar\u0131 i\u00e7in tasarland\u0131.<\/p>\n","protected":false},"featured_media":6619,"comment_status":"open","ping_status":"closed","template":"","meta":[],"pwb-brand":[171],"product_cat":[223],"product_tag":[126,127],"class_list":{"0":"post-6368","1":"product","2":"type-product","3":"status-publish","4":"has-post-thumbnail","6":"pwb-brand-onvo","7":"product_cat-genel","8":"product_tag-onvo-scooter","9":"product_tag-scooter","11":"first","12":"outofstock","13":"sale","14":"taxable","15":"shipping-taxable","16":"purchasable","17":"product-type-simple","18":"add-to-wishlist-after_add_to_cart"},"brands":[{"id":171,"name":"Onvo","slug":"onvo"}],"_links":{"self":[{"href":"https:\/\/www.onvoshop.com.tr\/index.php?rest_route=\/wp\/v2\/product\/6368","targetHints":{"allow":["GET"]}}],"collection":[{"href":"https:\/\/www.onvoshop.com.tr\/index.php?rest_route=\/wp\/v2\/product"}],"about":[{"href":"https:\/\/www.onvoshop.com.tr\/index.php?rest_route=\/wp\/v2\/types\/product"}],"replies":[{"embeddable":true,"href":"https:\/\/www.onvoshop.com.tr\/index.php?rest_route=%2Fwp%2Fv2%2Fcomments&post=6368"}],"wp:featuredmedia":[{"embeddable":true,"href":"https:\/\/www.onvoshop.com.tr\/index.php?rest_route=\/wp\/v2\/media\/6619"}],"wp:attachment":[{"href":"https:\/\/www.onvoshop.com.tr\/index.php?rest_route=%2Fwp%2Fv2%2Fmedia&parent=6368"}],"wp:term":[{"taxonomy":"pwb-brand","embeddable":true,"href":"https:\/\/www.onvoshop.com.tr\/index.php?rest_route=%2Fwp%2Fv2%2Fpwb-brand&post=6368"},{"taxonomy":"product_cat","embeddable":true,"href":"https:\/\/www.onvoshop.com.tr\/index.php?rest_route=%2Fwp%2Fv2%2Fproduct_cat&post=6368"},{"taxonomy":"product_tag","embeddable":true,"href":"https:\/\/www.onvoshop.com.tr\/index.php?rest_route=%2Fwp%2Fv2%2Fproduct_tag&post=6368"}],"curies":[{"name":"wp","href":"https:\/\/api.w.org\/{rel}","templated":true}]}}